{"id":1510,"date":"2026-01-17T23:25:02","date_gmt":"2026-01-17T23:25:02","guid":{"rendered":"https:\/\/jetztgibtsbeef.de\/?page_id=1510"},"modified":"2026-04-06T15:17:03","modified_gmt":"2026-04-06T15:17:03","slug":"willkommen","status":"publish","type":"page","link":"https:\/\/jetztgibtsbeef.de\/","title":{"rendered":"Willkommen!"},"content":{"rendered":"\n<h3 class=\"wp-block-heading has-text-align-center\"><strong>Fotografie f\u00fcr Menschen, ihre Geschichten und ein bisschen Magie dazwischen.<\/strong><\/h3>\n\n\n\n<h6 class=\"wp-block-heading has-text-align-center\">Ich fotografiere Menschen und Momente &#8211; von nat\u00fcrlich bis m\u00e4rchenhaft, von Alltag bis Fantasie.<\/h6>\n\n\n\n<p class=\"has-text-align-center\" id=\"block-f673f128-1813-4a1b-ac06-24b6b3c482e2\"><\/p>\n\n\n\n<div class=\"wp-block-media-text is-stacked-on-mobile\" style=\"grid-template-columns:25% auto\"><figure class=\"wp-block-media-text__media\"><img decoding=\"async\" src=\"https:\/\/jetztgibtsbeef.de\/wp-content\/uploads\/2020\/05\/CorinnaM_35-scaled-e1588552079867-1024x998.jpg\" alt=\"\"\/><\/figure><div class=\"wp-block-media-text__content\">\n<p><strong>HI, ICH BIN CORINNA!<\/strong><\/p>\n\n\n\n<p>Ich liebe die Fotografie und wei\u00dft du was? Sch\u00f6nheit steckt in jedem von uns. Wenn sogar ich vor der Kamera stehen kann, kannst du das auch. Trau dich. Ich freu mich auf dich &#x2665;<\/p>\n<\/div><\/div>\n\n\n\n<div style=\"height:100px\" aria-hidden=\"true\" class=\"wp-block-spacer\"><\/div>\n\n\n\n<h3 class=\"wp-block-heading has-text-align-center\"><strong>Meine Bereiche:<\/strong><\/h3>\n\n\n\n<div class=\"wp-block-columns are-vertically-aligned-center is-layout-flex wp-container-core-columns-is-layout-9d6595d7 wp-block-columns-is-layout-flex\">\n<div class=\"wp-block-column is-vertically-aligned-center is-layout-flow wp-block-column-is-layout-flow\">\n<div class=\"wp-block-media-text is-stacked-on-mobile\"><figure class=\"wp-block-media-text__media\"><img loading=\"lazy\" decoding=\"async\" width=\"1024\" height=\"683\" src=\"https:\/\/jetztgibtsbeef.de\/wp-content\/uploads\/2026\/01\/Familie-MaierDraxinger-15-1024x683.jpg\" alt=\"Eine junge Familie aus Vater und Mutter, halten ihre beiden Kinder, ein Kleinkind und Baby, auf dem Arm und l\u00e4cheln sich an.\" class=\"wp-image-1525 size-full\" srcset=\"https:\/\/jetztgibtsbeef.de\/wp-content\/uploads\/2026\/01\/Familie-MaierDraxinger-15-1024x683.jpg 1024w, https:\/\/jetztgibtsbeef.de\/wp-content\/uploads\/2026\/01\/Familie-MaierDraxinger-15-300x200.jpg 300w, https:\/\/jetztgibtsbeef.de\/wp-content\/uploads\/2026\/01\/Familie-MaierDraxinger-15-768x512.jpg 768w, https:\/\/jetztgibtsbeef.de\/wp-content\/uploads\/2026\/01\/Familie-MaierDraxinger-15-1536x1024.jpg 1536w, https:\/\/jetztgibtsbeef.de\/wp-content\/uploads\/2026\/01\/Familie-MaierDraxinger-15-2048x1365.jpg 2048w, https:\/\/jetztgibtsbeef.de\/wp-content\/uploads\/2026\/01\/Familie-MaierDraxinger-15-450x300.jpg 450w, https:\/\/jetztgibtsbeef.de\/wp-content\/uploads\/2026\/01\/Familie-MaierDraxinger-15-90x60.jpg 90w\" sizes=\"auto, (max-width: 1024px) 100vw, 1024px\" \/><\/figure><div class=\"wp-block-media-text__content\">\n<p><strong>Familie &amp; Leben<\/strong><\/p>\n\n\n\n<p>Familien, Kinder, Babys, Babybauch und pers\u00f6nliche Portraits &#8211; authentisch, flexibel und ohne Druck.<\/p>\n<\/div><\/div>\n<\/div>\n\n\n\n<div class=\"wp-block-column is-vertically-aligned-center is-layout-flow wp-block-column-is-layout-flow\">\n<div class=\"wp-block-media-text is-stacked-on-mobile\"><figure class=\"wp-block-media-text__media\"><img loading=\"lazy\" decoding=\"async\" width=\"1024\" height=\"766\" src=\"https:\/\/jetztgibtsbeef.de\/wp-content\/uploads\/2026\/01\/Hochzeit-Kerstin-Janis-296-tile-1024x766.jpg\" alt=\"Eine Collage. Bild eins zeigt ein Brautpaar, der Br\u00e4utigam k\u00fcsst die Braut auf die Stirn. Bild zwei zeigt eine Braut von hinten, die gerade ihr Kleid schlie\u00dft.\" class=\"wp-image-1543 size-full\" srcset=\"https:\/\/jetztgibtsbeef.de\/wp-content\/uploads\/2026\/01\/Hochzeit-Kerstin-Janis-296-tile-1024x766.jpg 1024w, https:\/\/jetztgibtsbeef.de\/wp-content\/uploads\/2026\/01\/Hochzeit-Kerstin-Janis-296-tile-300x224.jpg 300w, https:\/\/jetztgibtsbeef.de\/wp-content\/uploads\/2026\/01\/Hochzeit-Kerstin-Janis-296-tile-768x574.jpg 768w, https:\/\/jetztgibtsbeef.de\/wp-content\/uploads\/2026\/01\/Hochzeit-Kerstin-Janis-296-tile-1536x1148.jpg 1536w, https:\/\/jetztgibtsbeef.de\/wp-content\/uploads\/2026\/01\/Hochzeit-Kerstin-Janis-296-tile-80x60.jpg 80w, https:\/\/jetztgibtsbeef.de\/wp-content\/uploads\/2026\/01\/Hochzeit-Kerstin-Janis-296-tile.jpg 1926w\" sizes=\"auto, (max-width: 1024px) 100vw, 1024px\" \/><\/figure><div class=\"wp-block-media-text__content\">\n<p><strong>Liebe &amp; Intimit\u00e4t<\/strong><\/p>\n\n\n\n<p>Hochzeiten und Boudoir &#8211; zwischen N\u00e4he, Vertrauen und ganz viel Gef\u00fchl.<\/p>\n<\/div><\/div>\n<\/div>\n<\/div>\n\n\n\n<div class=\"wp-block-columns is-layout-flex wp-container-core-columns-is-layout-9d6595d7 wp-block-columns-is-layout-flex\">\n<div class=\"wp-block-column is-layout-flow wp-block-column-is-layout-flow\">\n<div class=\"wp-block-media-text is-stacked-on-mobile\"><figure class=\"wp-block-media-text__media\"><img loading=\"lazy\" decoding=\"async\" width=\"1024\" height=\"683\" src=\"https:\/\/jetztgibtsbeef.de\/wp-content\/uploads\/2026\/01\/JGB_1076-Bearbeitet-1024x683.jpg\" alt=\"Zwei Meerjungfrauen in einem Teich\" class=\"wp-image-1533 size-full\" srcset=\"https:\/\/jetztgibtsbeef.de\/wp-content\/uploads\/2026\/01\/JGB_1076-Bearbeitet-1024x683.jpg 1024w, https:\/\/jetztgibtsbeef.de\/wp-content\/uploads\/2026\/01\/JGB_1076-Bearbeitet-300x200.jpg 300w, https:\/\/jetztgibtsbeef.de\/wp-content\/uploads\/2026\/01\/JGB_1076-Bearbeitet-768x512.jpg 768w, https:\/\/jetztgibtsbeef.de\/wp-content\/uploads\/2026\/01\/JGB_1076-Bearbeitet-1536x1024.jpg 1536w, https:\/\/jetztgibtsbeef.de\/wp-content\/uploads\/2026\/01\/JGB_1076-Bearbeitet-2048x1365.jpg 2048w, https:\/\/jetztgibtsbeef.de\/wp-content\/uploads\/2026\/01\/JGB_1076-Bearbeitet-450x300.jpg 450w, https:\/\/jetztgibtsbeef.de\/wp-content\/uploads\/2026\/01\/JGB_1076-Bearbeitet-90x60.jpg 90w\" sizes=\"auto, (max-width: 1024px) 100vw, 1024px\" \/><\/figure><div class=\"wp-block-media-text__content\">\n<p><strong>Fantasy &amp; Konzepte<\/strong><\/p>\n\n\n\n<p>Inszenierte Fantasyshootings und kreative Konzepte &#8211; individuell geplant und mit viel Liebe zum Detail.<\/p>\n<\/div><\/div>\n<\/div>\n\n\n\n<div class=\"wp-block-column is-layout-flow wp-block-column-is-layout-flow\">\n<div class=\"wp-block-media-text is-stacked-on-mobile\"><figure class=\"wp-block-media-text__media\"><img loading=\"lazy\" decoding=\"async\" width=\"1024\" height=\"683\" src=\"https:\/\/jetztgibtsbeef.de\/wp-content\/uploads\/2026\/01\/Business-Marissa-8-1024x683.jpg\" alt=\"Eine Frau sieht sich selbst l\u00e4chelnd im Spiegel an.\" class=\"wp-image-1540 size-full\" srcset=\"https:\/\/jetztgibtsbeef.de\/wp-content\/uploads\/2026\/01\/Business-Marissa-8-1024x683.jpg 1024w, https:\/\/jetztgibtsbeef.de\/wp-content\/uploads\/2026\/01\/Business-Marissa-8-300x200.jpg 300w, https:\/\/jetztgibtsbeef.de\/wp-content\/uploads\/2026\/01\/Business-Marissa-8-768x512.jpg 768w, https:\/\/jetztgibtsbeef.de\/wp-content\/uploads\/2026\/01\/Business-Marissa-8-1536x1024.jpg 1536w, https:\/\/jetztgibtsbeef.de\/wp-content\/uploads\/2026\/01\/Business-Marissa-8-2048x1365.jpg 2048w, https:\/\/jetztgibtsbeef.de\/wp-content\/uploads\/2026\/01\/Business-Marissa-8-450x300.jpg 450w, https:\/\/jetztgibtsbeef.de\/wp-content\/uploads\/2026\/01\/Business-Marissa-8-90x60.jpg 90w\" sizes=\"auto, (max-width: 1024px) 100vw, 1024px\" \/><\/figure><div class=\"wp-block-media-text__content\">\n<p><strong>Business<\/strong><\/p>\n\n\n\n<p>Businessportraits, Reportagen und Contentfotografie &#8211; professionell, kreativ und mit Pers\u00f6nlichkeit.<\/p>\n<\/div><\/div>\n<\/div>\n<\/div>\n\n\n\n<div style=\"height:44px\" aria-hidden=\"true\" class=\"wp-block-spacer\"><\/div>\n\n\n\n<div class=\"wp-block-buttons is-content-justification-center is-layout-flex wp-container-core-buttons-is-layout-16018d1d wp-block-buttons-is-layout-flex\">\n<div class=\"wp-block-button has-custom-width wp-block-button__width-25 is-style-fill\"><a class=\"wp-block-button__link has-text-color has-background has-link-color has-text-align-center wp-element-button\" href=\"https:\/\/jetztgibtsbeef.de\/?page_id=71\" style=\"border-top-left-radius:4px;border-top-right-radius:4px;border-bottom-left-radius:4px;border-bottom-right-radius:4px;color:#800040;background:linear-gradient(135deg,rgb(223,197,235) 0%,rgb(223,197,235) 78%,rgb(223,197,235) 100%)\">jetzt anfragen<\/a><\/div>\n<\/div>\n\n\n\n<div style=\"height:100px\" aria-hidden=\"true\" class=\"wp-block-spacer\"><\/div>\n\n\n\n<p id=\"block-dcd1ccb1-cfc7-425e-8ff8-635a98f8a9e5\"><\/p>\n\n\n\n<p id=\"block-820545c6-8436-4ee2-9888-a7710ec46baf\"><\/p>\n\n\n\n<h5 class=\"wp-block-heading\" id=\"block-1a57d49f-ee3f-4bcd-8780-5d8d63906b41\"><strong>Aktuelle Shooting-Specials:<\/strong><\/h5>\n\n\n\n<div class=\"wp-block-columns is-layout-flex wp-container-core-columns-is-layout-9d6595d7 wp-block-columns-is-layout-flex\">\n<div class=\"wp-block-column is-layout-flow wp-block-column-is-layout-flow\">\n<figure class=\"wp-block-image size-large\"><a href=\"https:\/\/jetztgibtsbeef.de\/?page_id=929\"><img loading=\"lazy\" decoding=\"async\" width=\"889\" height=\"1024\" src=\"https:\/\/jetztgibtsbeef.de\/wp-content\/uploads\/2026\/04\/Blumenmaedchen-889x1024.jpg\" alt=\"\" class=\"wp-image-2167\" srcset=\"https:\/\/jetztgibtsbeef.de\/wp-content\/uploads\/2026\/04\/Blumenmaedchen-889x1024.jpg 889w, https:\/\/jetztgibtsbeef.de\/wp-content\/uploads\/2026\/04\/Blumenmaedchen-260x300.jpg 260w, https:\/\/jetztgibtsbeef.de\/wp-content\/uploads\/2026\/04\/Blumenmaedchen-768x885.jpg 768w, https:\/\/jetztgibtsbeef.de\/wp-content\/uploads\/2026\/04\/Blumenmaedchen-52x60.jpg 52w, https:\/\/jetztgibtsbeef.de\/wp-content\/uploads\/2026\/04\/Blumenmaedchen.jpg 1025w\" sizes=\"auto, (max-width: 889px) 100vw, 889px\" \/><\/a><\/figure>\n<\/div>\n\n\n\n<div class=\"wp-block-column is-layout-flow wp-block-column-is-layout-flow\">\n<figure class=\"wp-block-image size-large\"><a href=\"https:\/\/jetztgibtsbeef.de\/?page_id=2146\"><img loading=\"lazy\" decoding=\"async\" width=\"889\" height=\"1024\" src=\"https:\/\/jetztgibtsbeef.de\/wp-content\/uploads\/2026\/03\/Fruehling-auf-der-Haut-889x1024.jpg\" alt=\"Fr\u00fchling auf der Haut\" class=\"wp-image-2155\" srcset=\"https:\/\/jetztgibtsbeef.de\/wp-content\/uploads\/2026\/03\/Fruehling-auf-der-Haut-889x1024.jpg 889w, https:\/\/jetztgibtsbeef.de\/wp-content\/uploads\/2026\/03\/Fruehling-auf-der-Haut-260x300.jpg 260w, https:\/\/jetztgibtsbeef.de\/wp-content\/uploads\/2026\/03\/Fruehling-auf-der-Haut-768x885.jpg 768w, https:\/\/jetztgibtsbeef.de\/wp-content\/uploads\/2026\/03\/Fruehling-auf-der-Haut-52x60.jpg 52w, https:\/\/jetztgibtsbeef.de\/wp-content\/uploads\/2026\/03\/Fruehling-auf-der-Haut.jpg 1025w\" sizes=\"auto, (max-width: 889px) 100vw, 889px\" \/><\/a><\/figure>\n<\/div>\n\n\n\n<div class=\"wp-block-column is-layout-flow wp-block-column-is-layout-flow\">\n<figure class=\"wp-block-image size-large\"><a href=\"https:\/\/jetztgibtsbeef.de\/?page_id=756\"><img loading=\"lazy\" decoding=\"async\" width=\"889\" height=\"1024\" src=\"https:\/\/jetztgibtsbeef.de\/wp-content\/uploads\/2026\/04\/Eternal-Flowers-Boudoir-889x1024.jpg\" alt=\"\" class=\"wp-image-2176\" srcset=\"https:\/\/jetztgibtsbeef.de\/wp-content\/uploads\/2026\/04\/Eternal-Flowers-Boudoir-889x1024.jpg 889w, https:\/\/jetztgibtsbeef.de\/wp-content\/uploads\/2026\/04\/Eternal-Flowers-Boudoir-260x300.jpg 260w, https:\/\/jetztgibtsbeef.de\/wp-content\/uploads\/2026\/04\/Eternal-Flowers-Boudoir-768x885.jpg 768w, https:\/\/jetztgibtsbeef.de\/wp-content\/uploads\/2026\/04\/Eternal-Flowers-Boudoir-52x60.jpg 52w, https:\/\/jetztgibtsbeef.de\/wp-content\/uploads\/2026\/04\/Eternal-Flowers-Boudoir.jpg 1025w\" sizes=\"auto, (max-width: 889px) 100vw, 889px\" \/><\/a><\/figure>\n<\/div>\n\n\n\n<div class=\"wp-block-column is-layout-flow wp-block-column-is-layout-flow\">\n<figure class=\"wp-block-image size-large\"><a href=\"https:\/\/jetztgibtsbeef.de\/?page_id=672\"><img loading=\"lazy\" decoding=\"async\" width=\"889\" height=\"1024\" src=\"https:\/\/jetztgibtsbeef.de\/wp-content\/uploads\/2026\/01\/Badezauber-Angebot-889x1024.jpg\" alt=\"\" class=\"wp-image-1922\" srcset=\"https:\/\/jetztgibtsbeef.de\/wp-content\/uploads\/2026\/01\/Badezauber-Angebot-889x1024.jpg 889w, https:\/\/jetztgibtsbeef.de\/wp-content\/uploads\/2026\/01\/Badezauber-Angebot-260x300.jpg 260w, https:\/\/jetztgibtsbeef.de\/wp-content\/uploads\/2026\/01\/Badezauber-Angebot-768x885.jpg 768w, https:\/\/jetztgibtsbeef.de\/wp-content\/uploads\/2026\/01\/Badezauber-Angebot-52x60.jpg 52w, https:\/\/jetztgibtsbeef.de\/wp-content\/uploads\/2026\/01\/Badezauber-Angebot.jpg 1025w\" sizes=\"auto, (max-width: 889px) 100vw, 889px\" \/><\/a><\/figure>\n<\/div>\n<\/div>\n\n\n\n<div style=\"height:100px\" aria-hidden=\"true\" class=\"wp-block-spacer\"><\/div>\n\n\n\n<div class=\"wp-block-columns is-layout-flex wp-container-core-columns-is-layout-9d6595d7 wp-block-columns-is-layout-flex\">\n<div class=\"wp-block-column is-layout-flow wp-block-column-is-layout-flow\"><div class=\"wp-block-image is-style-rounded\">\n<figure class=\"aligncenter size-full is-resized\"><img decoding=\"async\" src=\"https:\/\/jetztgibtsbeef.de\/wp-content\/uploads\/2026\/01\/Fairytales-Regina-3-scaled.jpg\" alt=\"\" class=\"wp-image-1550\" style=\"aspect-ratio:1;object-fit:cover;width:150px\"\/><\/figure>\n<\/div>\n\n\n<blockquote class=\"wp-block-quote has-text-align-center is-style-large is-layout-flow wp-block-quote-is-layout-flow\">\n<p class=\"has-small-font-size\">\u201eDie beste Anlaufstelle f\u00fcr besondere Bilder. Corinna hat so eine liebe und tolle Art, ich habe mich direkt wohl gef\u00fchlt. Es war magisch in eine andere Welt einzutauchen. Danke liebe Corinna f\u00fcr dieses tolle Erlebnis und die atemberaubenden Bilder! <\/p>\n\n\n\n<p class=\"has-small-font-size\">Ich freue mich auf das n\u00e4chste Shooting.\u201c<\/p>\n<cite>\u2013 Regina Ro\u00dfmann, <em>via Google<\/em><\/cite><\/blockquote>\n<\/div>\n\n\n\n<div class=\"wp-block-column is-layout-flow wp-block-column-is-layout-flow\"><div class=\"wp-block-image is-style-rounded\">\n<figure class=\"aligncenter size-large is-resized\"><img loading=\"lazy\" decoding=\"async\" width=\"683\" height=\"1024\" src=\"https:\/\/jetztgibtsbeef.de\/wp-content\/uploads\/2026\/01\/Wedding-Diana-Alex-249-683x1024.jpg\" alt=\"\" class=\"wp-image-1558\" style=\"aspect-ratio:1;object-fit:cover;width:150px\" srcset=\"https:\/\/jetztgibtsbeef.de\/wp-content\/uploads\/2026\/01\/Wedding-Diana-Alex-249-683x1024.jpg 683w, https:\/\/jetztgibtsbeef.de\/wp-content\/uploads\/2026\/01\/Wedding-Diana-Alex-249-200x300.jpg 200w, https:\/\/jetztgibtsbeef.de\/wp-content\/uploads\/2026\/01\/Wedding-Diana-Alex-249-768x1152.jpg 768w, https:\/\/jetztgibtsbeef.de\/wp-content\/uploads\/2026\/01\/Wedding-Diana-Alex-249-1024x1536.jpg 1024w, https:\/\/jetztgibtsbeef.de\/wp-content\/uploads\/2026\/01\/Wedding-Diana-Alex-249-1365x2048.jpg 1365w, https:\/\/jetztgibtsbeef.de\/wp-content\/uploads\/2026\/01\/Wedding-Diana-Alex-249-40x60.jpg 40w, https:\/\/jetztgibtsbeef.de\/wp-content\/uploads\/2026\/01\/Wedding-Diana-Alex-249-scaled.jpg 1707w\" sizes=\"auto, (max-width: 683px) 100vw, 683px\" \/><\/figure>\n<\/div>\n\n\n<blockquote class=\"wp-block-quote has-text-align-center is-style-large is-layout-flow wp-block-quote-is-layout-flow\">\n<p class=\"has-small-font-size\">\u201eDas Team ist der Wahnsinn, sie haben unsere Trauung und die Feier begleitet in Kelheim und Schierling! Sehr professionell und trotzdem so liebevoll, als w\u00e4ren es einfach die Freunde die Bilder machen! Es kamen super Ideen, Unterst\u00fctzung und Anleitung f\u00fcr die perfekten Bilder, Spa\u00df am Shooting und ganz viel Liebe von den Beiden! Wir sind Fans! Dankesch\u00f6n, dass Ihr da wart\u2661.\u201c<\/p>\n<cite>\u2013 Diana Dummer, via <em>Google<\/em><\/cite><\/blockquote>\n<\/div>\n<\/div>\n\n\n\n<div class=\"wp-block-buttons is-content-justification-center is-layout-flex wp-container-core-buttons-is-layout-16018d1d wp-block-buttons-is-layout-flex\">\n<div class=\"wp-block-button\"><a class=\"wp-block-button__link has-text-color has-background has-link-color has-text-align-center wp-element-button\" href=\"https:\/\/jetztgibtsbeef.de\/?page_id=189\" style=\"border-top-left-radius:4px;border-top-right-radius:4px;border-bottom-left-radius:4px;border-bottom-right-radius:4px;color:#800040;background-color:#dfc5eb\">weitere Kundenstimmen<\/a><\/div>\n<\/div>\n\n\n\n<p><\/p>\n","protected":false},"excerpt":{"rendered":"<p>Fotografie f\u00fcr Menschen, ihre Geschichten und ein bisschen Magie dazwischen. Ich fotografiere Menschen und Momente &#8211; von nat\u00fcrlich bis m\u00e4rchenhaft, von Alltag bis Fantasie. HI, ICH BIN CORINNA! Ich liebe die Fotografie und wei\u00dft du was? Sch\u00f6nheit steckt in jedem von uns. Wenn sogar ich vor der Kamera stehen kann, kannst du das auch. Trau &hellip; <\/p>\n","protected":false},"author":1,"featured_media":0,"parent":0,"menu_order":0,"comment_status":"closed","ping_status":"closed","template":"","meta":{"footnotes":""},"class_list":["post-1510","page","type-page","status-publish","hentry","latest_post"],"_links":{"self":[{"href":"https:\/\/jetztgibtsbeef.de\/index.php?rest_route=\/wp\/v2\/pages\/1510","targetHints":{"allow":["GET"]}}],"collection":[{"href":"https:\/\/jetztgibtsbeef.de\/index.php?rest_route=\/wp\/v2\/pages"}],"about":[{"href":"https:\/\/jetztgibtsbeef.de\/index.php?rest_route=\/wp\/v2\/types\/page"}],"author":[{"embeddable":true,"href":"https:\/\/jetztgibtsbeef.de\/index.php?rest_route=\/wp\/v2\/users\/1"}],"replies":[{"embeddable":true,"href":"https:\/\/jetztgibtsbeef.de\/index.php?rest_route=%2Fwp%2Fv2%2Fcomments&post=1510"}],"version-history":[{"count":64,"href":"https:\/\/jetztgibtsbeef.de\/index.php?rest_route=\/wp\/v2\/pages\/1510\/revisions"}],"predecessor-version":[{"id":2185,"href":"https:\/\/jetztgibtsbeef.de\/index.php?rest_route=\/wp\/v2\/pages\/1510\/revisions\/2185"}],"wp:attachment":[{"href":"https:\/\/jetztgibtsbeef.de\/index.php?rest_route=%2Fwp%2Fv2%2Fmedia&parent=1510"}],"curies":[{"name":"wp","href":"https:\/\/api.w.org\/{rel}","templated":true}]}}