{"id":189,"date":"2021-04-27T13:37:35","date_gmt":"2021-04-27T13:37:35","guid":{"rendered":"http:\/\/jetztgibtsbeef.com\/?page_id=189"},"modified":"2026-01-31T23:37:04","modified_gmt":"2026-01-31T23:37:04","slug":"kundenmeinungen","status":"publish","type":"page","link":"https:\/\/jetztgibtsbeef.de\/?page_id=189","title":{"rendered":"Kundenmeinungen"},"content":{"rendered":"\n<h3 class=\"wp-block-heading\"><strong>Echte Worte von echten Menschen, die vor meiner Kamera standen:<\/strong><\/h3>\n\n\n\n<p>&#8222;Corinna hat mich mit ihrer herzlichen Art schon abgeholt als Sie mir die T\u00fcr ge\u00f6ffnet hat. Das Shooting war total entspannt, Sie hat mir, wenn n\u00f6tig Hilfestellung beim Posen gegeben und stets darauf geachtet, dass ich mich wohlf\u00fchle. Herzensempfehlung, f\u00fcr jeden der eine lustige, spontane und herzliche Fotografin sucht.&#8220; <strong><em>Theresa, Business-Shooting<\/em><\/strong><\/p>\n\n\n\n<p>&#8222;Sie hat ein super H\u00e4ndchen sowie ein tolles Gesp\u00fcr f\u00fcr Ihre Aufnahmen. Des Weiteren kam Sie sehr gut bei unseren Hochzeitsg\u00e4sten an und blieb zur richtigen Zeit auch im Hintergrund. Es lief alles wie vereinbart und das Ergebnis ist einfach einsame Spitze. Da merkt man das Talent sowie die Liebe zur Fotografie. Jederzeit wieder!!!!&#8220; <strong><em>Adrian, Hochzeitsreportage<\/em><\/strong><\/p>\n\n\n\n<p>&#8222;Bewerbungsfotos die zum Ziel f\u00fchrten &amp; ein sonstiges weiteres Shooting mit tollem Ergebnis. Was will man mehr. Man f\u00fchlt sich sofort wohl, tolles Studio, begabte und liebe Fotografin, Liebe zur Individualit\u00e4t &amp; zum Detail, super Beratung auch im Nachhinein. Immer wieder gern.&#8220; <strong><em>July, Bewerbungsbilder, Familien-Shooting<\/em><\/strong><\/p>\n\n\n\n<p>&#8222;Super liebe Fotografin! War schon 7x bei ihr und werde noch \u00f6fter zu ihr fahren. Ich war jedesmal begeistert von den Ergebnissen. Sehr professionell und geduldig. Wer sich unsicher ist beim Posen etc. bekommt von ihr nat\u00fcrlich auch hilfe. Man f\u00fchlt sich einfach super wohl. Kann Sie jedem empfehlen!&#8220; <strong><em>Franziska, Badezauber, Boudoir-Shootings, Babybauch-Shooting<\/em><\/strong><\/p>\n\n\n\n<p>\u201eWas f\u00fcr eine fotografin! Sie ist super sympathisch, gibt tolle anweisungen, setzt Ideen perfekt um, man f\u00fchlt sich pudelwohl und die Fotos sind schon ohne bearbeitung einfach wundersch\u00f6n. Des studio ist super sch\u00f6n eingerichtet und man hat viele M\u00f6glichkeiten die man sofort umsetzen kann&#8230; Ab jetzt mache ich meine fotos nur noch hier :)\u201c <strong><em>Belega Lash Academy, Familien-Shootings, Business-Shooting<\/em><\/strong><\/p>\n\n\n\n<p>Weitere Kundenmeinungen findest du auf <a href=\"https:\/\/www.google.de\/search?sca_esv=4ba3af865432350d&amp;si=AL3DRZFIhG6pAqfNLal55wUTwygCG0fClF3UxiOmgw9Hq7nbWbIShkuY3fc3hlsRV-EIuFLXlsRoqiJN_LH-9lDZ6-50EV_nUEpyawVGonhzp2ik2qj95DNu3Rc7NOJy4-rKWdzsg-ID_7Hsu6yUeUdSjGPn9R4dBsPXBUUAEawO6UqMbJqjaU8%3D&amp;q=Jetzt+gibt%27s+Beef!+-+Fotografie+Rezensionen&amp;sa=X&amp;ved=2ahUKEwiftrnTm5KSAxVoRf4FHQDSNKgQ0bkNegQIJBAH&amp;biw=1528&amp;bih=828&amp;dpr=1.25&amp;aic=0\">Google<\/a> und <a href=\"https:\/\/www.facebook.com\/JetztGibtsBeefFotografie\/reviews\">Facebook<\/a>. <\/p>\n\n\n\n<p><\/p>\n","protected":false},"excerpt":{"rendered":"<p>Echte Worte von echten Menschen, die vor meiner Kamera standen: &#8222;Corinna hat mich mit ihrer herzlichen Art schon abgeholt als Sie mir die T\u00fcr ge\u00f6ffnet hat. Das Shooting war total entspannt, Sie hat mir, wenn n\u00f6tig Hilfestellung beim Posen gegeben und stets darauf geachtet, dass ich mich wohlf\u00fchle. Herzensempfehlung, f\u00fcr jeden der eine lustige, spontane &hellip; <\/p>\n","protected":false},"author":1,"featured_media":0,"parent":0,"menu_order":0,"comment_status":"closed","ping_status":"closed","template":"","meta":{"footnotes":""},"class_list":["post-189","page","type-page","status-publish","hentry","latest_post"],"_links":{"self":[{"href":"https:\/\/jetztgibtsbeef.de\/index.php?rest_route=\/wp\/v2\/pages\/189","targetHints":{"allow":["GET"]}}],"collection":[{"href":"https:\/\/jetztgibtsbeef.de\/index.php?rest_route=\/wp\/v2\/pages"}],"about":[{"href":"https:\/\/jetztgibtsbeef.de\/index.php?rest_route=\/wp\/v2\/types\/page"}],"author":[{"embeddable":true,"href":"https:\/\/jetztgibtsbeef.de\/index.php?rest_route=\/wp\/v2\/users\/1"}],"replies":[{"embeddable":true,"href":"https:\/\/jetztgibtsbeef.de\/index.php?rest_route=%2Fwp%2Fv2%2Fcomments&post=189"}],"version-history":[{"count":5,"href":"https:\/\/jetztgibtsbeef.de\/index.php?rest_route=\/wp\/v2\/pages\/189\/revisions"}],"predecessor-version":[{"id":1683,"href":"https:\/\/jetztgibtsbeef.de\/index.php?rest_route=\/wp\/v2\/pages\/189\/revisions\/1683"}],"wp:attachment":[{"href":"https:\/\/jetztgibtsbeef.de\/index.php?rest_route=%2Fwp%2Fv2%2Fmedia&parent=189"}],"curies":[{"name":"wp","href":"https:\/\/api.w.org\/{rel}","templated":true}]}}