{"id":480,"date":"2021-05-30T14:09:08","date_gmt":"2021-05-30T14:09:08","guid":{"rendered":"http:\/\/jetztgibtsbeef.com\/?page_id=480"},"modified":"2026-02-07T23:41:06","modified_gmt":"2026-02-07T23:41:06","slug":"fundus-blumenkraenze","status":"publish","type":"page","link":"https:\/\/jetztgibtsbeef.de\/?page_id=480","title":{"rendered":"Fundus &#8211; Blumenkr\u00e4nze"},"content":{"rendered":"\n<p>Meine Blumenkr\u00e4nze k\u00f6nnen gerne f\u00fcr Bl\u00fctenshootings oder auch Babybauch-Shootings verwendet werden.<\/p>\n\n\n\n<figure class=\"wp-block-gallery has-nested-images columns-default is-cropped wp-block-gallery-1 is-layout-flex wp-block-gallery-is-layout-flex\">\n<figure class=\"wp-block-image size-large\"><img loading=\"lazy\" decoding=\"async\" width=\"400\" height=\"600\" data-id=\"481\" src=\"https:\/\/jetztgibtsbeef.de\/wp-content\/uploads\/2021\/05\/Blumenkranz-1.jpg\" alt=\"\" class=\"wp-image-481\" srcset=\"https:\/\/jetztgibtsbeef.de\/wp-content\/uploads\/2021\/05\/Blumenkranz-1.jpg 400w, https:\/\/jetztgibtsbeef.de\/wp-content\/uploads\/2021\/05\/Blumenkranz-1-200x300.jpg 200w, https:\/\/jetztgibtsbeef.de\/wp-content\/uploads\/2021\/05\/Blumenkranz-1-40x60.jpg 40w\" sizes=\"auto, (max-width: 400px) 100vw, 400px\" \/><\/figure>\n\n\n\n<figure class=\"wp-block-image size-large\"><img loading=\"lazy\" decoding=\"async\" width=\"400\" height=\"600\" data-id=\"482\" src=\"https:\/\/jetztgibtsbeef.de\/wp-content\/uploads\/2021\/05\/Blumenkranz-2.jpg\" alt=\"\" class=\"wp-image-482\" srcset=\"https:\/\/jetztgibtsbeef.de\/wp-content\/uploads\/2021\/05\/Blumenkranz-2.jpg 400w, https:\/\/jetztgibtsbeef.de\/wp-content\/uploads\/2021\/05\/Blumenkranz-2-200x300.jpg 200w, https:\/\/jetztgibtsbeef.de\/wp-content\/uploads\/2021\/05\/Blumenkranz-2-40x60.jpg 40w\" sizes=\"auto, (max-width: 400px) 100vw, 400px\" \/><\/figure>\n\n\n\n<figure class=\"wp-block-image size-large\"><img loading=\"lazy\" decoding=\"async\" width=\"400\" height=\"600\" data-id=\"483\" src=\"https:\/\/jetztgibtsbeef.de\/wp-content\/uploads\/2021\/05\/Blumenkranz-3.jpg\" alt=\"\" class=\"wp-image-483\" srcset=\"https:\/\/jetztgibtsbeef.de\/wp-content\/uploads\/2021\/05\/Blumenkranz-3.jpg 400w, https:\/\/jetztgibtsbeef.de\/wp-content\/uploads\/2021\/05\/Blumenkranz-3-200x300.jpg 200w, https:\/\/jetztgibtsbeef.de\/wp-content\/uploads\/2021\/05\/Blumenkranz-3-40x60.jpg 40w\" sizes=\"auto, (max-width: 400px) 100vw, 400px\" \/><\/figure>\n\n\n\n<figure class=\"wp-block-image size-large\"><img loading=\"lazy\" decoding=\"async\" width=\"400\" height=\"600\" data-id=\"484\" src=\"https:\/\/jetztgibtsbeef.de\/wp-content\/uploads\/2021\/05\/Blumenkranz-4.jpg\" alt=\"\" class=\"wp-image-484\" srcset=\"https:\/\/jetztgibtsbeef.de\/wp-content\/uploads\/2021\/05\/Blumenkranz-4.jpg 400w, https:\/\/jetztgibtsbeef.de\/wp-content\/uploads\/2021\/05\/Blumenkranz-4-200x300.jpg 200w, https:\/\/jetztgibtsbeef.de\/wp-content\/uploads\/2021\/05\/Blumenkranz-4-40x60.jpg 40w\" sizes=\"auto, (max-width: 400px) 100vw, 400px\" \/><\/figure>\n\n\n\n<figure class=\"wp-block-image size-large\"><img loading=\"lazy\" decoding=\"async\" width=\"400\" height=\"600\" data-id=\"485\" src=\"https:\/\/jetztgibtsbeef.de\/wp-content\/uploads\/2021\/05\/Blumenkranz-5.jpg\" alt=\"\" class=\"wp-image-485\" srcset=\"https:\/\/jetztgibtsbeef.de\/wp-content\/uploads\/2021\/05\/Blumenkranz-5.jpg 400w, https:\/\/jetztgibtsbeef.de\/wp-content\/uploads\/2021\/05\/Blumenkranz-5-200x300.jpg 200w, https:\/\/jetztgibtsbeef.de\/wp-content\/uploads\/2021\/05\/Blumenkranz-5-40x60.jpg 40w\" sizes=\"auto, (max-width: 400px) 100vw, 400px\" \/><\/figure>\n\n\n\n<figure class=\"wp-block-image size-large\"><img loading=\"lazy\" decoding=\"async\" width=\"400\" height=\"600\" data-id=\"486\" src=\"https:\/\/jetztgibtsbeef.de\/wp-content\/uploads\/2021\/05\/Blumenkranz-6.jpg\" alt=\"\" class=\"wp-image-486\" srcset=\"https:\/\/jetztgibtsbeef.de\/wp-content\/uploads\/2021\/05\/Blumenkranz-6.jpg 400w, https:\/\/jetztgibtsbeef.de\/wp-content\/uploads\/2021\/05\/Blumenkranz-6-200x300.jpg 200w, https:\/\/jetztgibtsbeef.de\/wp-content\/uploads\/2021\/05\/Blumenkranz-6-40x60.jpg 40w\" sizes=\"auto, (max-width: 400px) 100vw, 400px\" \/><\/figure>\n\n\n\n<figure class=\"wp-block-image size-large\"><img loading=\"lazy\" decoding=\"async\" width=\"400\" height=\"600\" data-id=\"487\" src=\"https:\/\/jetztgibtsbeef.de\/wp-content\/uploads\/2021\/05\/Blumenkranz-7.jpg\" alt=\"\" class=\"wp-image-487\" srcset=\"https:\/\/jetztgibtsbeef.de\/wp-content\/uploads\/2021\/05\/Blumenkranz-7.jpg 400w, https:\/\/jetztgibtsbeef.de\/wp-content\/uploads\/2021\/05\/Blumenkranz-7-200x300.jpg 200w, https:\/\/jetztgibtsbeef.de\/wp-content\/uploads\/2021\/05\/Blumenkranz-7-40x60.jpg 40w\" sizes=\"auto, (max-width: 400px) 100vw, 400px\" \/><\/figure>\n\n\n\n<figure class=\"wp-block-image size-large\"><img loading=\"lazy\" decoding=\"async\" width=\"400\" height=\"600\" data-id=\"488\" src=\"https:\/\/jetztgibtsbeef.de\/wp-content\/uploads\/2021\/05\/Blumenkranz-8.jpg\" alt=\"\" class=\"wp-image-488\" srcset=\"https:\/\/jetztgibtsbeef.de\/wp-content\/uploads\/2021\/05\/Blumenkranz-8.jpg 400w, https:\/\/jetztgibtsbeef.de\/wp-content\/uploads\/2021\/05\/Blumenkranz-8-200x300.jpg 200w, https:\/\/jetztgibtsbeef.de\/wp-content\/uploads\/2021\/05\/Blumenkranz-8-40x60.jpg 40w\" sizes=\"auto, (max-width: 400px) 100vw, 400px\" \/><\/figure>\n\n\n\n<figure class=\"wp-block-image size-large\"><img loading=\"lazy\" decoding=\"async\" width=\"400\" height=\"600\" data-id=\"489\" src=\"https:\/\/jetztgibtsbeef.de\/wp-content\/uploads\/2021\/05\/Blumenkranz-9.jpg\" alt=\"\" class=\"wp-image-489\" srcset=\"https:\/\/jetztgibtsbeef.de\/wp-content\/uploads\/2021\/05\/Blumenkranz-9.jpg 400w, https:\/\/jetztgibtsbeef.de\/wp-content\/uploads\/2021\/05\/Blumenkranz-9-200x300.jpg 200w, https:\/\/jetztgibtsbeef.de\/wp-content\/uploads\/2021\/05\/Blumenkranz-9-40x60.jpg 40w\" sizes=\"auto, (max-width: 400px) 100vw, 400px\" \/><\/figure>\n\n\n\n<figure class=\"wp-block-image size-large\"><img loading=\"lazy\" decoding=\"async\" width=\"400\" height=\"600\" data-id=\"490\" src=\"https:\/\/jetztgibtsbeef.de\/wp-content\/uploads\/2021\/05\/Blumenkranz-10.jpg\" alt=\"\" class=\"wp-image-490\" srcset=\"https:\/\/jetztgibtsbeef.de\/wp-content\/uploads\/2021\/05\/Blumenkranz-10.jpg 400w, https:\/\/jetztgibtsbeef.de\/wp-content\/uploads\/2021\/05\/Blumenkranz-10-200x300.jpg 200w, https:\/\/jetztgibtsbeef.de\/wp-content\/uploads\/2021\/05\/Blumenkranz-10-40x60.jpg 40w\" sizes=\"auto, (max-width: 400px) 100vw, 400px\" \/><\/figure>\n\n\n\n<figure class=\"wp-block-image size-large\"><img loading=\"lazy\" decoding=\"async\" width=\"538\" height=\"759\" data-id=\"848\" src=\"https:\/\/jetztgibtsbeef.de\/wp-content\/uploads\/2023\/01\/Blumenkranz-11.jpg\" alt=\"\" class=\"wp-image-848\" srcset=\"https:\/\/jetztgibtsbeef.de\/wp-content\/uploads\/2023\/01\/Blumenkranz-11.jpg 538w, https:\/\/jetztgibtsbeef.de\/wp-content\/uploads\/2023\/01\/Blumenkranz-11-213x300.jpg 213w, https:\/\/jetztgibtsbeef.de\/wp-content\/uploads\/2023\/01\/Blumenkranz-11-43x60.jpg 43w\" sizes=\"auto, (max-width: 538px) 100vw, 538px\" \/><\/figure>\n<\/figure>\n","protected":false},"excerpt":{"rendered":"<p>Meine Blumenkr\u00e4nze k\u00f6nnen gerne f\u00fcr Bl\u00fctenshootings oder auch Babybauch-Shootings verwendet werden.<\/p>\n","protected":false},"author":1,"featured_media":0,"parent":0,"menu_order":0,"comment_status":"closed","ping_status":"closed","template":"","meta":{"footnotes":""},"class_list":["post-480","page","type-page","status-publish","hentry","latest_post"],"_links":{"self":[{"href":"https:\/\/jetztgibtsbeef.de\/index.php?rest_route=\/wp\/v2\/pages\/480","targetHints":{"allow":["GET"]}}],"collection":[{"href":"https:\/\/jetztgibtsbeef.de\/index.php?rest_route=\/wp\/v2\/pages"}],"about":[{"href":"https:\/\/jetztgibtsbeef.de\/index.php?rest_route=\/wp\/v2\/types\/page"}],"author":[{"embeddable":true,"href":"https:\/\/jetztgibtsbeef.de\/index.php?rest_route=\/wp\/v2\/users\/1"}],"replies":[{"embeddable":true,"href":"https:\/\/jetztgibtsbeef.de\/index.php?rest_route=%2Fwp%2Fv2%2Fcomments&post=480"}],"version-history":[{"count":3,"href":"https:\/\/jetztgibtsbeef.de\/index.php?rest_route=\/wp\/v2\/pages\/480\/revisions"}],"predecessor-version":[{"id":2070,"href":"https:\/\/jetztgibtsbeef.de\/index.php?rest_route=\/wp\/v2\/pages\/480\/revisions\/2070"}],"wp:attachment":[{"href":"https:\/\/jetztgibtsbeef.de\/index.php?rest_route=%2Fwp%2Fv2%2Fmedia&parent=480"}],"curies":[{"name":"wp","href":"https:\/\/api.w.org\/{rel}","templated":true}]}}