{"id":672,"date":"2021-09-05T15:29:25","date_gmt":"2021-09-05T15:29:25","guid":{"rendered":"http:\/\/jetztgibtsbeef.com\/?page_id=672"},"modified":"2026-01-31T23:46:18","modified_gmt":"2026-01-31T23:46:18","slug":"badezauber","status":"publish","type":"page","link":"https:\/\/jetztgibtsbeef.de\/?page_id=672","title":{"rendered":"Badezauber"},"content":{"rendered":"\n<div class=\"wp-block-media-text is-stacked-on-mobile\" style=\"grid-template-columns:30% auto\"><figure class=\"wp-block-media-text__media\"><img loading=\"lazy\" decoding=\"async\" width=\"339\" height=\"1024\" src=\"https:\/\/jetztgibtsbeef.de\/wp-content\/uploads\/2026\/01\/Badezauber-3-1-vert-339x1024.jpg\" alt=\"\" class=\"wp-image-1779 size-full\" srcset=\"https:\/\/jetztgibtsbeef.de\/wp-content\/uploads\/2026\/01\/Badezauber-3-1-vert-339x1024.jpg 339w, https:\/\/jetztgibtsbeef.de\/wp-content\/uploads\/2026\/01\/Badezauber-3-1-vert-99x300.jpg 99w, https:\/\/jetztgibtsbeef.de\/wp-content\/uploads\/2026\/01\/Badezauber-3-1-vert-768x2321.jpg 768w, https:\/\/jetztgibtsbeef.de\/wp-content\/uploads\/2026\/01\/Badezauber-3-1-vert-508x1536.jpg 508w, https:\/\/jetztgibtsbeef.de\/wp-content\/uploads\/2026\/01\/Badezauber-3-1-vert-678x2048.jpg 678w, https:\/\/jetztgibtsbeef.de\/wp-content\/uploads\/2026\/01\/Badezauber-3-1-vert-20x60.jpg 20w, https:\/\/jetztgibtsbeef.de\/wp-content\/uploads\/2026\/01\/Badezauber-3-1-vert-scaled.jpg 847w\" sizes=\"auto, (max-width: 339px) 100vw, 339px\" \/><\/figure><div class=\"wp-block-media-text__content\">\n<h3 class=\"wp-block-heading\"><strong>Badezauber<\/strong><\/h3>\n\n\n\n<p>Das hier ist nicht f\u00fcr Likes. Nicht f\u00fcr einen Partner. Nicht f\u00fcr irgendwen sonst.<\/p>\n\n\n\n<p>Das ist f\u00fcr <strong>dich.<\/strong><\/p>\n\n\n\n<p>Blumen, Wasser, K\u00f6rper &#8211; ohne Filter, ohne Verkleidung. Ganz du, wie du gerade bist.<\/p>\n\n\n\n<p>Weiblichkeit ist hier nichts, was man kaschieren oder formen muss. Wir machen sie sichtbar; in ehrlichen, wundersch\u00f6nen Bildern.<br>Respektvoll. Selbstbestimmt.<\/p>\n\n\n\n<p><\/p>\n\n\n\n<p><strong>Inklusive:<\/strong><\/p>\n\n\n\n<ul class=\"wp-block-list\">\n<li>ca. 60 Minuten Shooting in meiner Wanne<\/li>\n\n\n\n<li>6 Wunschbilder<\/li>\n\n\n\n<li>jeweils in Farbe und Schwarz-wei\u00df<\/li>\n\n\n\n<li>High-End-Nachbearbeitung<\/li>\n\n\n\n<li>Auswahl aus verschiedenen Wasserfarben<\/li>\n\n\n\n<li>echte Schnittblumen deiner Wahl<\/li>\n\n\n\n<li>Auswahl via Online-Galerie<\/li>\n<\/ul>\n\n\n\n<h3 class=\"wp-block-heading\"><strong>199,- \u20ac<\/strong><\/h3>\n\n\n\n<p><strong>Extras:<\/strong><\/p>\n\n\n\n<ul class=\"wp-block-list\">\n<li>Professionelles Make-up ab 60,- \u20ac<\/li>\n\n\n\n<li>Weitere Fotos: 20,- \u20ac\/Bild<\/li>\n<\/ul>\n\n\n\n<p>Die Wahl des Outfits ist dir selbst \u00fcberlassen: egal ob Kleid, Bikini, Dessous oder als verdeckter Akt- du entscheidest.<\/p>\n\n\n\n<p>Weitere Beispielfotos findest du&nbsp;<a href=\"https:\/\/jetztgibtsbeef.myportfolio.com\/badewannenzauber\">HIER<\/a>.<\/p>\n\n\n\n<div class=\"wp-block-buttons is-layout-flex wp-block-buttons-is-layout-flex\">\n<div class=\"wp-block-button\"><a class=\"wp-block-button__link has-text-color has-background has-link-color wp-element-button\" href=\"https:\/\/jetztgibtsbeef.de\/?page_id=71\" style=\"border-top-left-radius:4px;border-top-right-radius:4px;border-bottom-left-radius:4px;border-bottom-right-radius:4px;color:#800040;background-color:#dfc5eb\">jetzt anfragen<\/a><\/div>\n<\/div>\n\n\n\n<p>Schreib mir einfach eine Nachricht \u2013 ich melde mich pers\u00f6nlich bei dir.<\/p>\n<\/div><\/div>\n\n\n\n<hr class=\"wp-block-separator has-alpha-channel-opacity\"\/>\n\n\n\n<h3 class=\"wp-block-heading\"><strong>Wasserfarben:<\/strong><\/h3>\n\n\n\n<p>Hier findest du einige Farbbeispiele welche Badefarben bei mir m\u00f6glich sind. Nat\u00fcrlich kann jede Farbe individualisiert werden, da ich die Farben selber anmische. In der ersten Reihe siehst du welche Effekte zus\u00e4tzlich ins Wasser gegeben werden k\u00f6nnen (Aufpreis +2,- Euro). Am Besten sieht man die Effekte bei dunkleren Farbt\u00f6nen, daher habe ich diese auch als Beispiel gew\u00e4hlt.&nbsp;<\/p>\n\n\n\n<p>Alle Farben bestehen aus Lebensmittel- oder Naturfarbe, der Glitter sowie der Metalliceffekt sind plastikfrei.<\/p>\n\n\n\n<figure class=\"wp-block-gallery has-nested-images columns-default is-cropped wp-block-gallery-1 is-layout-flex wp-block-gallery-is-layout-flex\">\n<figure class=\"wp-block-image size-large\"><img loading=\"lazy\" decoding=\"async\" width=\"1024\" height=\"771\" data-id=\"678\" src=\"http:\/\/jetztgibtsbeef.com\/wp-content\/uploads\/2021\/09\/BEEF9144-1-1024x771.jpg\" alt=\"\" class=\"wp-image-678\" srcset=\"https:\/\/jetztgibtsbeef.de\/wp-content\/uploads\/2021\/09\/BEEF9144-1-1024x771.jpg 1024w, https:\/\/jetztgibtsbeef.de\/wp-content\/uploads\/2021\/09\/BEEF9144-1-300x226.jpg 300w, https:\/\/jetztgibtsbeef.de\/wp-content\/uploads\/2021\/09\/BEEF9144-1-768x579.jpg 768w, https:\/\/jetztgibtsbeef.de\/wp-content\/uploads\/2021\/09\/BEEF9144-1-1536x1157.jpg 1536w, https:\/\/jetztgibtsbeef.de\/wp-content\/uploads\/2021\/09\/BEEF9144-1-2048x1543.jpg 2048w, https:\/\/jetztgibtsbeef.de\/wp-content\/uploads\/2021\/09\/BEEF9144-1-80x60.jpg 80w\" sizes=\"auto, (max-width: 1024px) 100vw, 1024px\" \/><\/figure>\n\n\n\n<figure class=\"wp-block-image size-large\"><img loading=\"lazy\" decoding=\"async\" width=\"1024\" height=\"1013\" data-id=\"680\" src=\"http:\/\/jetztgibtsbeef.com\/wp-content\/uploads\/2021\/09\/BEEF9152-1-1024x1013.jpg\" alt=\"\" class=\"wp-image-680\" srcset=\"https:\/\/jetztgibtsbeef.de\/wp-content\/uploads\/2021\/09\/BEEF9152-1-1024x1013.jpg 1024w, https:\/\/jetztgibtsbeef.de\/wp-content\/uploads\/2021\/09\/BEEF9152-1-300x297.jpg 300w, https:\/\/jetztgibtsbeef.de\/wp-content\/uploads\/2021\/09\/BEEF9152-1-768x760.jpg 768w, https:\/\/jetztgibtsbeef.de\/wp-content\/uploads\/2021\/09\/BEEF9152-1-1536x1519.jpg 1536w, https:\/\/jetztgibtsbeef.de\/wp-content\/uploads\/2021\/09\/BEEF9152-1-2048x2026.jpg 2048w, https:\/\/jetztgibtsbeef.de\/wp-content\/uploads\/2021\/09\/BEEF9152-1-61x60.jpg 61w\" sizes=\"auto, (max-width: 1024px) 100vw, 1024px\" \/><\/figure>\n\n\n\n<figure class=\"wp-block-image size-large\"><img loading=\"lazy\" decoding=\"async\" width=\"1024\" height=\"856\" data-id=\"681\" src=\"http:\/\/jetztgibtsbeef.com\/wp-content\/uploads\/2021\/09\/BEEF9166-1-1024x856.jpg\" alt=\"\" class=\"wp-image-681\" srcset=\"https:\/\/jetztgibtsbeef.de\/wp-content\/uploads\/2021\/09\/BEEF9166-1-1024x856.jpg 1024w, https:\/\/jetztgibtsbeef.de\/wp-content\/uploads\/2021\/09\/BEEF9166-1-300x251.jpg 300w, https:\/\/jetztgibtsbeef.de\/wp-content\/uploads\/2021\/09\/BEEF9166-1-768x642.jpg 768w, https:\/\/jetztgibtsbeef.de\/wp-content\/uploads\/2021\/09\/BEEF9166-1-1536x1284.jpg 1536w, https:\/\/jetztgibtsbeef.de\/wp-content\/uploads\/2021\/09\/BEEF9166-1-2048x1712.jpg 2048w, https:\/\/jetztgibtsbeef.de\/wp-content\/uploads\/2021\/09\/BEEF9166-1-72x60.jpg 72w\" sizes=\"auto, (max-width: 1024px) 100vw, 1024px\" \/><\/figure>\n\n\n\n<figure class=\"wp-block-image size-large\"><img loading=\"lazy\" decoding=\"async\" width=\"1024\" height=\"940\" data-id=\"682\" src=\"http:\/\/jetztgibtsbeef.com\/wp-content\/uploads\/2021\/09\/BEEF9073-1-1024x940.jpg\" alt=\"\" class=\"wp-image-682\" srcset=\"https:\/\/jetztgibtsbeef.de\/wp-content\/uploads\/2021\/09\/BEEF9073-1-1024x940.jpg 1024w, https:\/\/jetztgibtsbeef.de\/wp-content\/uploads\/2021\/09\/BEEF9073-1-300x275.jpg 300w, https:\/\/jetztgibtsbeef.de\/wp-content\/uploads\/2021\/09\/BEEF9073-1-768x705.jpg 768w, https:\/\/jetztgibtsbeef.de\/wp-content\/uploads\/2021\/09\/BEEF9073-1-1536x1410.jpg 1536w, https:\/\/jetztgibtsbeef.de\/wp-content\/uploads\/2021\/09\/BEEF9073-1-2048x1881.jpg 2048w, https:\/\/jetztgibtsbeef.de\/wp-content\/uploads\/2021\/09\/BEEF9073-1-65x60.jpg 65w\" sizes=\"auto, (max-width: 1024px) 100vw, 1024px\" \/><\/figure>\n\n\n\n<figure class=\"wp-block-image size-large\"><img loading=\"lazy\" decoding=\"async\" width=\"1024\" height=\"989\" data-id=\"683\" src=\"http:\/\/jetztgibtsbeef.com\/wp-content\/uploads\/2021\/09\/BEEF9093-1-1024x989.jpg\" alt=\"\" class=\"wp-image-683\" srcset=\"https:\/\/jetztgibtsbeef.de\/wp-content\/uploads\/2021\/09\/BEEF9093-1-1024x989.jpg 1024w, https:\/\/jetztgibtsbeef.de\/wp-content\/uploads\/2021\/09\/BEEF9093-1-300x290.jpg 300w, https:\/\/jetztgibtsbeef.de\/wp-content\/uploads\/2021\/09\/BEEF9093-1-768x742.jpg 768w, https:\/\/jetztgibtsbeef.de\/wp-content\/uploads\/2021\/09\/BEEF9093-1-1536x1483.jpg 1536w, https:\/\/jetztgibtsbeef.de\/wp-content\/uploads\/2021\/09\/BEEF9093-1-2048x1977.jpg 2048w, https:\/\/jetztgibtsbeef.de\/wp-content\/uploads\/2021\/09\/BEEF9093-1-62x60.jpg 62w\" sizes=\"auto, (max-width: 1024px) 100vw, 1024px\" \/><\/figure>\n\n\n\n<figure class=\"wp-block-image size-large\"><img loading=\"lazy\" decoding=\"async\" width=\"1024\" height=\"942\" data-id=\"684\" src=\"http:\/\/jetztgibtsbeef.com\/wp-content\/uploads\/2021\/09\/BEEF9099-1-1024x942.jpg\" alt=\"\" class=\"wp-image-684\" srcset=\"https:\/\/jetztgibtsbeef.de\/wp-content\/uploads\/2021\/09\/BEEF9099-1-1024x942.jpg 1024w, https:\/\/jetztgibtsbeef.de\/wp-content\/uploads\/2021\/09\/BEEF9099-1-300x276.jpg 300w, https:\/\/jetztgibtsbeef.de\/wp-content\/uploads\/2021\/09\/BEEF9099-1-768x706.jpg 768w, https:\/\/jetztgibtsbeef.de\/wp-content\/uploads\/2021\/09\/BEEF9099-1-1536x1413.jpg 1536w, https:\/\/jetztgibtsbeef.de\/wp-content\/uploads\/2021\/09\/BEEF9099-1-2048x1884.jpg 2048w, https:\/\/jetztgibtsbeef.de\/wp-content\/uploads\/2021\/09\/BEEF9099-1-65x60.jpg 65w\" sizes=\"auto, (max-width: 1024px) 100vw, 1024px\" \/><\/figure>\n\n\n\n<figure class=\"wp-block-image size-large\"><img loading=\"lazy\" decoding=\"async\" width=\"1024\" height=\"1014\" data-id=\"685\" src=\"http:\/\/jetztgibtsbeef.com\/wp-content\/uploads\/2021\/09\/BEEF9104-1-1024x1014.jpg\" alt=\"\" class=\"wp-image-685\" srcset=\"https:\/\/jetztgibtsbeef.de\/wp-content\/uploads\/2021\/09\/BEEF9104-1-1024x1014.jpg 1024w, https:\/\/jetztgibtsbeef.de\/wp-content\/uploads\/2021\/09\/BEEF9104-1-300x297.jpg 300w, https:\/\/jetztgibtsbeef.de\/wp-content\/uploads\/2021\/09\/BEEF9104-1-150x150.jpg 150w, https:\/\/jetztgibtsbeef.de\/wp-content\/uploads\/2021\/09\/BEEF9104-1-768x760.jpg 768w, https:\/\/jetztgibtsbeef.de\/wp-content\/uploads\/2021\/09\/BEEF9104-1-1536x1521.jpg 1536w, https:\/\/jetztgibtsbeef.de\/wp-content\/uploads\/2021\/09\/BEEF9104-1-2048x2028.jpg 2048w, https:\/\/jetztgibtsbeef.de\/wp-content\/uploads\/2021\/09\/BEEF9104-1-61x60.jpg 61w\" sizes=\"auto, (max-width: 1024px) 100vw, 1024px\" \/><\/figure>\n\n\n\n<figure class=\"wp-block-image size-large\"><img loading=\"lazy\" decoding=\"async\" width=\"1024\" height=\"929\" data-id=\"686\" src=\"http:\/\/jetztgibtsbeef.com\/wp-content\/uploads\/2021\/09\/BEEF9106-1-1024x929.jpg\" alt=\"\" class=\"wp-image-686\" srcset=\"https:\/\/jetztgibtsbeef.de\/wp-content\/uploads\/2021\/09\/BEEF9106-1-1024x929.jpg 1024w, https:\/\/jetztgibtsbeef.de\/wp-content\/uploads\/2021\/09\/BEEF9106-1-300x272.jpg 300w, https:\/\/jetztgibtsbeef.de\/wp-content\/uploads\/2021\/09\/BEEF9106-1-768x697.jpg 768w, https:\/\/jetztgibtsbeef.de\/wp-content\/uploads\/2021\/09\/BEEF9106-1-1536x1394.jpg 1536w, https:\/\/jetztgibtsbeef.de\/wp-content\/uploads\/2021\/09\/BEEF9106-1-2048x1859.jpg 2048w, https:\/\/jetztgibtsbeef.de\/wp-content\/uploads\/2021\/09\/BEEF9106-1-66x60.jpg 66w\" sizes=\"auto, (max-width: 1024px) 100vw, 1024px\" \/><\/figure>\n\n\n\n<figure class=\"wp-block-image size-large\"><img loading=\"lazy\" decoding=\"async\" width=\"1024\" height=\"995\" data-id=\"687\" src=\"http:\/\/jetztgibtsbeef.com\/wp-content\/uploads\/2021\/09\/BEEF9111-1-1024x995.jpg\" alt=\"\" class=\"wp-image-687\" srcset=\"https:\/\/jetztgibtsbeef.de\/wp-content\/uploads\/2021\/09\/BEEF9111-1-1024x995.jpg 1024w, https:\/\/jetztgibtsbeef.de\/wp-content\/uploads\/2021\/09\/BEEF9111-1-300x292.jpg 300w, https:\/\/jetztgibtsbeef.de\/wp-content\/uploads\/2021\/09\/BEEF9111-1-768x747.jpg 768w, https:\/\/jetztgibtsbeef.de\/wp-content\/uploads\/2021\/09\/BEEF9111-1-1536x1493.jpg 1536w, https:\/\/jetztgibtsbeef.de\/wp-content\/uploads\/2021\/09\/BEEF9111-1-2048x1991.jpg 2048w, https:\/\/jetztgibtsbeef.de\/wp-content\/uploads\/2021\/09\/BEEF9111-1-62x60.jpg 62w\" sizes=\"auto, (max-width: 1024px) 100vw, 1024px\" \/><\/figure>\n\n\n\n<figure class=\"wp-block-image size-large\"><img loading=\"lazy\" decoding=\"async\" width=\"1024\" height=\"884\" data-id=\"688\" src=\"http:\/\/jetztgibtsbeef.com\/wp-content\/uploads\/2021\/09\/BEEF9113-1-1024x884.jpg\" alt=\"\" class=\"wp-image-688\" srcset=\"https:\/\/jetztgibtsbeef.de\/wp-content\/uploads\/2021\/09\/BEEF9113-1-1024x884.jpg 1024w, https:\/\/jetztgibtsbeef.de\/wp-content\/uploads\/2021\/09\/BEEF9113-1-300x259.jpg 300w, https:\/\/jetztgibtsbeef.de\/wp-content\/uploads\/2021\/09\/BEEF9113-1-768x663.jpg 768w, https:\/\/jetztgibtsbeef.de\/wp-content\/uploads\/2021\/09\/BEEF9113-1-1536x1326.jpg 1536w, https:\/\/jetztgibtsbeef.de\/wp-content\/uploads\/2021\/09\/BEEF9113-1-2048x1768.jpg 2048w, https:\/\/jetztgibtsbeef.de\/wp-content\/uploads\/2021\/09\/BEEF9113-1-69x60.jpg 69w\" sizes=\"auto, (max-width: 1024px) 100vw, 1024px\" \/><\/figure>\n\n\n\n<figure class=\"wp-block-image size-large\"><img loading=\"lazy\" decoding=\"async\" width=\"1024\" height=\"960\" data-id=\"689\" src=\"http:\/\/jetztgibtsbeef.com\/wp-content\/uploads\/2021\/09\/BEEF9116-1-1024x960.jpg\" alt=\"\" class=\"wp-image-689\" srcset=\"https:\/\/jetztgibtsbeef.de\/wp-content\/uploads\/2021\/09\/BEEF9116-1-1024x960.jpg 1024w, https:\/\/jetztgibtsbeef.de\/wp-content\/uploads\/2021\/09\/BEEF9116-1-300x281.jpg 300w, https:\/\/jetztgibtsbeef.de\/wp-content\/uploads\/2021\/09\/BEEF9116-1-768x720.jpg 768w, https:\/\/jetztgibtsbeef.de\/wp-content\/uploads\/2021\/09\/BEEF9116-1-1536x1441.jpg 1536w, https:\/\/jetztgibtsbeef.de\/wp-content\/uploads\/2021\/09\/BEEF9116-1-2048x1921.jpg 2048w, https:\/\/jetztgibtsbeef.de\/wp-content\/uploads\/2021\/09\/BEEF9116-1-64x60.jpg 64w\" sizes=\"auto, (max-width: 1024px) 100vw, 1024px\" \/><\/figure>\n\n\n\n<figure class=\"wp-block-image size-large\"><img loading=\"lazy\" decoding=\"async\" width=\"1024\" height=\"967\" data-id=\"691\" src=\"http:\/\/jetztgibtsbeef.com\/wp-content\/uploads\/2021\/09\/BEEF9117-1-1024x967.jpg\" alt=\"\" class=\"wp-image-691\" srcset=\"https:\/\/jetztgibtsbeef.de\/wp-content\/uploads\/2021\/09\/BEEF9117-1-1024x967.jpg 1024w, https:\/\/jetztgibtsbeef.de\/wp-content\/uploads\/2021\/09\/BEEF9117-1-300x283.jpg 300w, https:\/\/jetztgibtsbeef.de\/wp-content\/uploads\/2021\/09\/BEEF9117-1-768x725.jpg 768w, https:\/\/jetztgibtsbeef.de\/wp-content\/uploads\/2021\/09\/BEEF9117-1-1536x1450.jpg 1536w, https:\/\/jetztgibtsbeef.de\/wp-content\/uploads\/2021\/09\/BEEF9117-1-2048x1934.jpg 2048w, https:\/\/jetztgibtsbeef.de\/wp-content\/uploads\/2021\/09\/BEEF9117-1-64x60.jpg 64w\" sizes=\"auto, (max-width: 1024px) 100vw, 1024px\" \/><\/figure>\n\n\n\n<figure class=\"wp-block-image size-large\"><img loading=\"lazy\" decoding=\"async\" width=\"1024\" height=\"956\" data-id=\"693\" src=\"http:\/\/jetztgibtsbeef.com\/wp-content\/uploads\/2021\/09\/BEEF9120-1-1024x956.jpg\" alt=\"\" class=\"wp-image-693\" srcset=\"https:\/\/jetztgibtsbeef.de\/wp-content\/uploads\/2021\/09\/BEEF9120-1-1024x956.jpg 1024w, https:\/\/jetztgibtsbeef.de\/wp-content\/uploads\/2021\/09\/BEEF9120-1-300x280.jpg 300w, https:\/\/jetztgibtsbeef.de\/wp-content\/uploads\/2021\/09\/BEEF9120-1-768x717.jpg 768w, https:\/\/jetztgibtsbeef.de\/wp-content\/uploads\/2021\/09\/BEEF9120-1-1536x1434.jpg 1536w, https:\/\/jetztgibtsbeef.de\/wp-content\/uploads\/2021\/09\/BEEF9120-1-2048x1912.jpg 2048w, https:\/\/jetztgibtsbeef.de\/wp-content\/uploads\/2021\/09\/BEEF9120-1-64x60.jpg 64w\" sizes=\"auto, (max-width: 1024px) 100vw, 1024px\" \/><\/figure>\n\n\n\n<figure class=\"wp-block-image size-large\"><img loading=\"lazy\" decoding=\"async\" width=\"1024\" height=\"943\" data-id=\"695\" src=\"http:\/\/jetztgibtsbeef.com\/wp-content\/uploads\/2021\/09\/BEEF9121-1-1024x943.jpg\" alt=\"\" class=\"wp-image-695\" srcset=\"https:\/\/jetztgibtsbeef.de\/wp-content\/uploads\/2021\/09\/BEEF9121-1-1024x943.jpg 1024w, https:\/\/jetztgibtsbeef.de\/wp-content\/uploads\/2021\/09\/BEEF9121-1-300x276.jpg 300w, https:\/\/jetztgibtsbeef.de\/wp-content\/uploads\/2021\/09\/BEEF9121-1-768x707.jpg 768w, https:\/\/jetztgibtsbeef.de\/wp-content\/uploads\/2021\/09\/BEEF9121-1-1536x1414.jpg 1536w, https:\/\/jetztgibtsbeef.de\/wp-content\/uploads\/2021\/09\/BEEF9121-1-2048x1885.jpg 2048w, https:\/\/jetztgibtsbeef.de\/wp-content\/uploads\/2021\/09\/BEEF9121-1-65x60.jpg 65w\" sizes=\"auto, (max-width: 1024px) 100vw, 1024px\" \/><\/figure>\n\n\n\n<figure class=\"wp-block-image size-large\"><img loading=\"lazy\" decoding=\"async\" width=\"1024\" height=\"914\" data-id=\"697\" src=\"http:\/\/jetztgibtsbeef.com\/wp-content\/uploads\/2021\/09\/BEEF9123-1-1024x914.jpg\" alt=\"\" class=\"wp-image-697\" srcset=\"https:\/\/jetztgibtsbeef.de\/wp-content\/uploads\/2021\/09\/BEEF9123-1-1024x914.jpg 1024w, https:\/\/jetztgibtsbeef.de\/wp-content\/uploads\/2021\/09\/BEEF9123-1-300x268.jpg 300w, https:\/\/jetztgibtsbeef.de\/wp-content\/uploads\/2021\/09\/BEEF9123-1-768x686.jpg 768w, https:\/\/jetztgibtsbeef.de\/wp-content\/uploads\/2021\/09\/BEEF9123-1-1536x1371.jpg 1536w, https:\/\/jetztgibtsbeef.de\/wp-content\/uploads\/2021\/09\/BEEF9123-1-2048x1828.jpg 2048w, https:\/\/jetztgibtsbeef.de\/wp-content\/uploads\/2021\/09\/BEEF9123-1-67x60.jpg 67w\" sizes=\"auto, (max-width: 1024px) 100vw, 1024px\" \/><\/figure>\n\n\n\n<figure class=\"wp-block-image size-large\"><img loading=\"lazy\" decoding=\"async\" width=\"1024\" height=\"968\" data-id=\"698\" src=\"http:\/\/jetztgibtsbeef.com\/wp-content\/uploads\/2021\/09\/BEEF9125-1-1024x968.jpg\" alt=\"\" class=\"wp-image-698\" srcset=\"https:\/\/jetztgibtsbeef.de\/wp-content\/uploads\/2021\/09\/BEEF9125-1-1024x968.jpg 1024w, https:\/\/jetztgibtsbeef.de\/wp-content\/uploads\/2021\/09\/BEEF9125-1-300x284.jpg 300w, https:\/\/jetztgibtsbeef.de\/wp-content\/uploads\/2021\/09\/BEEF9125-1-768x726.jpg 768w, https:\/\/jetztgibtsbeef.de\/wp-content\/uploads\/2021\/09\/BEEF9125-1-1536x1452.jpg 1536w, https:\/\/jetztgibtsbeef.de\/wp-content\/uploads\/2021\/09\/BEEF9125-1-2048x1936.jpg 2048w, https:\/\/jetztgibtsbeef.de\/wp-content\/uploads\/2021\/09\/BEEF9125-1-63x60.jpg 63w\" sizes=\"auto, (max-width: 1024px) 100vw, 1024px\" \/><\/figure>\n\n\n\n<figure class=\"wp-block-image size-large\"><img loading=\"lazy\" decoding=\"async\" width=\"1024\" height=\"937\" data-id=\"700\" src=\"http:\/\/jetztgibtsbeef.com\/wp-content\/uploads\/2021\/09\/BEEF9128-1-1024x937.jpg\" alt=\"\" class=\"wp-image-700\" srcset=\"https:\/\/jetztgibtsbeef.de\/wp-content\/uploads\/2021\/09\/BEEF9128-1-1024x937.jpg 1024w, https:\/\/jetztgibtsbeef.de\/wp-content\/uploads\/2021\/09\/BEEF9128-1-300x275.jpg 300w, https:\/\/jetztgibtsbeef.de\/wp-content\/uploads\/2021\/09\/BEEF9128-1-768x703.jpg 768w, https:\/\/jetztgibtsbeef.de\/wp-content\/uploads\/2021\/09\/BEEF9128-1-1536x1406.jpg 1536w, https:\/\/jetztgibtsbeef.de\/wp-content\/uploads\/2021\/09\/BEEF9128-1-2048x1874.jpg 2048w, https:\/\/jetztgibtsbeef.de\/wp-content\/uploads\/2021\/09\/BEEF9128-1-66x60.jpg 66w\" sizes=\"auto, (max-width: 1024px) 100vw, 1024px\" \/><\/figure>\n\n\n\n<figure class=\"wp-block-image size-large\"><img loading=\"lazy\" decoding=\"async\" width=\"1024\" height=\"913\" data-id=\"740\" src=\"http:\/\/jetztgibtsbeef.com\/wp-content\/uploads\/2023\/01\/BEEF9131-1-1-1024x913.jpg\" alt=\"\" class=\"wp-image-740\" srcset=\"https:\/\/jetztgibtsbeef.de\/wp-content\/uploads\/2023\/01\/BEEF9131-1-1-1024x913.jpg 1024w, https:\/\/jetztgibtsbeef.de\/wp-content\/uploads\/2023\/01\/BEEF9131-1-1-300x267.jpg 300w, https:\/\/jetztgibtsbeef.de\/wp-content\/uploads\/2023\/01\/BEEF9131-1-1-768x684.jpg 768w, https:\/\/jetztgibtsbeef.de\/wp-content\/uploads\/2023\/01\/BEEF9131-1-1-1536x1369.jpg 1536w, https:\/\/jetztgibtsbeef.de\/wp-content\/uploads\/2023\/01\/BEEF9131-1-1-2048x1825.jpg 2048w, https:\/\/jetztgibtsbeef.de\/wp-content\/uploads\/2023\/01\/BEEF9131-1-1-67x60.jpg 67w\" sizes=\"auto, (max-width: 1024px) 100vw, 1024px\" \/><\/figure>\n\n\n\n<figure class=\"wp-block-image size-large\"><img loading=\"lazy\" decoding=\"async\" width=\"1024\" height=\"940\" data-id=\"738\" src=\"http:\/\/jetztgibtsbeef.com\/wp-content\/uploads\/2023\/01\/BEEF9133-1-1-1024x940.jpg\" alt=\"\" class=\"wp-image-738\" srcset=\"https:\/\/jetztgibtsbeef.de\/wp-content\/uploads\/2023\/01\/BEEF9133-1-1-1024x940.jpg 1024w, https:\/\/jetztgibtsbeef.de\/wp-content\/uploads\/2023\/01\/BEEF9133-1-1-300x275.jpg 300w, https:\/\/jetztgibtsbeef.de\/wp-content\/uploads\/2023\/01\/BEEF9133-1-1-768x705.jpg 768w, https:\/\/jetztgibtsbeef.de\/wp-content\/uploads\/2023\/01\/BEEF9133-1-1-1536x1409.jpg 1536w, https:\/\/jetztgibtsbeef.de\/wp-content\/uploads\/2023\/01\/BEEF9133-1-1-2048x1879.jpg 2048w, https:\/\/jetztgibtsbeef.de\/wp-content\/uploads\/2023\/01\/BEEF9133-1-1-65x60.jpg 65w\" sizes=\"auto, (max-width: 1024px) 100vw, 1024px\" \/><\/figure>\n\n\n\n<figure class=\"wp-block-image size-large\"><img loading=\"lazy\" decoding=\"async\" width=\"1024\" height=\"946\" data-id=\"739\" src=\"http:\/\/jetztgibtsbeef.com\/wp-content\/uploads\/2023\/01\/BEEF9135-1-1-1024x946.jpg\" alt=\"\" class=\"wp-image-739\" srcset=\"https:\/\/jetztgibtsbeef.de\/wp-content\/uploads\/2023\/01\/BEEF9135-1-1-1024x946.jpg 1024w, https:\/\/jetztgibtsbeef.de\/wp-content\/uploads\/2023\/01\/BEEF9135-1-1-300x277.jpg 300w, https:\/\/jetztgibtsbeef.de\/wp-content\/uploads\/2023\/01\/BEEF9135-1-1-768x710.jpg 768w, https:\/\/jetztgibtsbeef.de\/wp-content\/uploads\/2023\/01\/BEEF9135-1-1-1536x1419.jpg 1536w, https:\/\/jetztgibtsbeef.de\/wp-content\/uploads\/2023\/01\/BEEF9135-1-1-2048x1892.jpg 2048w, https:\/\/jetztgibtsbeef.de\/wp-content\/uploads\/2023\/01\/BEEF9135-1-1-65x60.jpg 65w\" sizes=\"auto, (max-width: 1024px) 100vw, 1024px\" \/><\/figure>\n\n\n\n<figure class=\"wp-block-image size-large\"><img loading=\"lazy\" decoding=\"async\" width=\"1024\" height=\"944\" data-id=\"737\" src=\"http:\/\/jetztgibtsbeef.com\/wp-content\/uploads\/2023\/01\/BEEF9137-1-1-1024x944.jpg\" alt=\"\" class=\"wp-image-737\" srcset=\"https:\/\/jetztgibtsbeef.de\/wp-content\/uploads\/2023\/01\/BEEF9137-1-1-1024x944.jpg 1024w, https:\/\/jetztgibtsbeef.de\/wp-content\/uploads\/2023\/01\/BEEF9137-1-1-300x277.jpg 300w, https:\/\/jetztgibtsbeef.de\/wp-content\/uploads\/2023\/01\/BEEF9137-1-1-768x708.jpg 768w, https:\/\/jetztgibtsbeef.de\/wp-content\/uploads\/2023\/01\/BEEF9137-1-1-1536x1417.jpg 1536w, https:\/\/jetztgibtsbeef.de\/wp-content\/uploads\/2023\/01\/BEEF9137-1-1-2048x1889.jpg 2048w, https:\/\/jetztgibtsbeef.de\/wp-content\/uploads\/2023\/01\/BEEF9137-1-1-65x60.jpg 65w\" sizes=\"auto, (max-width: 1024px) 100vw, 1024px\" \/><\/figure>\n\n\n\n<figure class=\"wp-block-image size-large\"><img loading=\"lazy\" decoding=\"async\" width=\"1024\" height=\"937\" data-id=\"735\" src=\"http:\/\/jetztgibtsbeef.com\/wp-content\/uploads\/2023\/01\/BEEF9139-1-1-1024x937.jpg\" alt=\"\" class=\"wp-image-735\" srcset=\"https:\/\/jetztgibtsbeef.de\/wp-content\/uploads\/2023\/01\/BEEF9139-1-1-1024x937.jpg 1024w, https:\/\/jetztgibtsbeef.de\/wp-content\/uploads\/2023\/01\/BEEF9139-1-1-300x274.jpg 300w, https:\/\/jetztgibtsbeef.de\/wp-content\/uploads\/2023\/01\/BEEF9139-1-1-768x703.jpg 768w, https:\/\/jetztgibtsbeef.de\/wp-content\/uploads\/2023\/01\/BEEF9139-1-1-1536x1405.jpg 1536w, https:\/\/jetztgibtsbeef.de\/wp-content\/uploads\/2023\/01\/BEEF9139-1-1-2048x1874.jpg 2048w, https:\/\/jetztgibtsbeef.de\/wp-content\/uploads\/2023\/01\/BEEF9139-1-1-66x60.jpg 66w\" sizes=\"auto, (max-width: 1024px) 100vw, 1024px\" \/><\/figure>\n\n\n\n<figure class=\"wp-block-image size-large\"><img loading=\"lazy\" decoding=\"async\" width=\"1024\" height=\"980\" data-id=\"736\" src=\"http:\/\/jetztgibtsbeef.com\/wp-content\/uploads\/2023\/01\/BEEF9141-1-1-1024x980.jpg\" alt=\"\" class=\"wp-image-736\" srcset=\"https:\/\/jetztgibtsbeef.de\/wp-content\/uploads\/2023\/01\/BEEF9141-1-1-1024x980.jpg 1024w, https:\/\/jetztgibtsbeef.de\/wp-content\/uploads\/2023\/01\/BEEF9141-1-1-300x287.jpg 300w, https:\/\/jetztgibtsbeef.de\/wp-content\/uploads\/2023\/01\/BEEF9141-1-1-768x735.jpg 768w, https:\/\/jetztgibtsbeef.de\/wp-content\/uploads\/2023\/01\/BEEF9141-1-1-1536x1470.jpg 1536w, https:\/\/jetztgibtsbeef.de\/wp-content\/uploads\/2023\/01\/BEEF9141-1-1-2048x1960.jpg 2048w, https:\/\/jetztgibtsbeef.de\/wp-content\/uploads\/2023\/01\/BEEF9141-1-1-63x60.jpg 63w\" sizes=\"auto, (max-width: 1024px) 100vw, 1024px\" \/><\/figure>\n<\/figure>\n","protected":false},"excerpt":{"rendered":"<p>Wasserfarben: Hier findest du einige Farbbeispiele welche Badefarben bei mir m\u00f6glich sind. Nat\u00fcrlich kann jede Farbe individualisiert werden, da ich die Farben selber anmische. In der ersten Reihe siehst du welche Effekte zus\u00e4tzlich ins Wasser gegeben werden k\u00f6nnen (Aufpreis +2,- Euro). Am Besten sieht man die Effekte bei dunkleren Farbt\u00f6nen, daher habe ich diese auch &hellip; <\/p>\n","protected":false},"author":1,"featured_media":0,"parent":0,"menu_order":0,"comment_status":"closed","ping_status":"closed","template":"","meta":{"footnotes":""},"class_list":["post-672","page","type-page","status-publish","hentry","latest_post"],"_links":{"self":[{"href":"https:\/\/jetztgibtsbeef.de\/index.php?rest_route=\/wp\/v2\/pages\/672","targetHints":{"allow":["GET"]}}],"collection":[{"href":"https:\/\/jetztgibtsbeef.de\/index.php?rest_route=\/wp\/v2\/pages"}],"about":[{"href":"https:\/\/jetztgibtsbeef.de\/index.php?rest_route=\/wp\/v2\/types\/page"}],"author":[{"embeddable":true,"href":"https:\/\/jetztgibtsbeef.de\/index.php?rest_route=\/wp\/v2\/users\/1"}],"replies":[{"embeddable":true,"href":"https:\/\/jetztgibtsbeef.de\/index.php?rest_route=%2Fwp%2Fv2%2Fcomments&post=672"}],"version-history":[{"count":25,"href":"https:\/\/jetztgibtsbeef.de\/index.php?rest_route=\/wp\/v2\/pages\/672\/revisions"}],"predecessor-version":[{"id":1920,"href":"https:\/\/jetztgibtsbeef.de\/index.php?rest_route=\/wp\/v2\/pages\/672\/revisions\/1920"}],"wp:attachment":[{"href":"https:\/\/jetztgibtsbeef.de\/index.php?rest_route=%2Fwp%2Fv2%2Fmedia&parent=672"}],"curies":[{"name":"wp","href":"https:\/\/api.w.org\/{rel}","templated":true}]}}